 11525?
461
What is the greatest common factor of 720 and 852560?
80
Calculate the highest common divisor of 623 and 23065.
7
Calculate the greatest common divisor of 165 and 2468345.
55
What is the greatest common divisor of 149304 and 168?
24
Calculate the highest common factor of 12638 and 15336.
142
Calculate the highest common factor of 1804 and 24436.
164
Calculate the greatest common divisor of 1845 and 19468440.
1845
What is the greatest common factor of 4596 and 24?
12
Calculate the highest common factor of 342133 and 38.
19
Calculate the greatest common divisor of 62076 and 268257.
2217
Calculate the greatest common divisor of 4347 and 314496.
189
What is the highest common divisor of 2130 and 186?
6
Calculate the greatest common factor of 40360 and 2040.
40
What is the greatest common factor of 10 and 33830?
10
What is the highest common factor of 406 and 2020778?
58
What is the highest common divisor of 11 and 4461490?
11
Calculate the highest common divisor of 5740085 and 845.
845
What is the greatest common divisor of 15130 and 493060?
890
Calculate the highest common divisor of 140 and 475780.
20
Calculate the highest common factor of 6732400 and 800.
400
What is the greatest common factor of 589440 and 180?
60
Calculate the greatest common divisor of 2462 and 1805877.
1231
What is the greatest common factor of 12258539 and 3694?
1847
What is the highest common divisor of 8077090 and 133?
133
What is the highest common divisor of 19206 and 6596?
194
What is the highest common divisor of 41870 and 4770?
530
Calculate the highest common factor of 309 and 2194827.
309
Calculate the greatest common divisor of 824 and 1472.
8
Calculate the highest common divisor of 28861 and 38285.
589
What is the highest common divisor of 1819584 and 936?
936
Calculate the greatest common factor of 39405 and 3495.
15
Calculate the highest common factor of 744 and 54498.
186
Calculate the highest common divisor of 187 and 12232.
11
Calculate the highest common divisor of 149280 and 720.
240
What is the greatest common divisor of 26 and 106327?
13
What is the greatest common divisor of 50 and 39370?
10
Calculate the highest common factor of 190846 and 148.
74
Calculate the greatest common factor of 86 and 13012058.
86
Calculate the greatest common divisor of 1850351 and 107.
107
What is the highest common factor of 3 and 12717?
3
Calculate the greatest common factor of 1880 and 24675.
235
What is the highest common divisor of 26215 and 784?
49
What is the greatest common factor of 36 and 683748?
36
What is the highest common factor of 1292087 and 106?
53
Calculate the highest common factor of 136 and 23256.
136
Calculate the greatest common factor of 1212 and 11817.
303
Calculate the greatest common divisor of 56020 and 300.
20
What is the highest common divisor of 17020 and 444?
148
What is the greatest common divisor of 453 and 1078744?
151
Calculate the greatest common factor of 48114 and 792.
198
What is the greatest common divisor of 15000 and 312?
24
Calculate the greatest common divisor of 756 and 1426356.
108
Calculate the highest common divisor of 1187010 and 66.
66
Calculate the greatest common divisor of 24537 and 3.
3
Calculate the highest common divisor of 5617 and 22879.
137
What is the greatest common factor of 7 and 12523?
7
What is the greatest common divisor of 322 and 392288?
46
Calculate the highest common divisor of 1728 and 17088.
192
Calculate the greatest common factor of 476 and 5219.
17
What is the highest common factor of 198458 and 104?
26
Calculate the highest common divisor of 16542 and 60.
6
Calculate the greatest common divisor of 38164 and 611.
47
Calculate the highest common factor of 1542330 and 90.
90
Calculate the highest common divisor of 13 and 62842.
13
What is the greatest common divisor of 2211 and 1221?
33
What is the greatest common divisor of 98 and 469175?
49
What is the highest common factor of 7728 and 11046?
42
What is the greatest common factor of 1563042 and 9802?
754
Calculate the highest common divisor of 89739 and 1833.
39
What is the greatest common factor of 89600 and 6300?
700
Calculate the greatest common factor of 1507932 and 6.
6
Calculate the highest common divisor of 356 and 22695.
89
Calculate the greatest common factor of 817 and 172.
43
Calculate the greatest common divisor of 145 and 175073.
29
What is the greatest common divisor of 6 and 32055?
3
Calculate the highest common factor of 7038 and 216.
18
Calculate the greatest common divisor of 1382840 and 362.
362
What is the highest common factor of 14 and 21609?
7
What is the greatest common divisor of 83122 and 184?
46
What is the highest common divisor of 1605 and 1110?
15
Calculate the greatest common divisor of 8700 and 825.
75
Calculate the greatest common divisor of 2562 and 8764.
14
Calculate the highest common factor of 102784 and 66.
22
Calculate the greatest common factor of 379714 and 3054.
1018
Calculate the greatest common factor of 8619124 and 964.
964
What is the greatest common divisor of 228 and 561222?
114
What is the highest common divisor of 82 and 2355901?
41
Calculate the greatest common divisor of 333 and 8399.
37
Calculate the greatest common factor of 2496 and 54808.
104
Calculate the highest common divisor of 395 and 745.
5
What is the greatest common divisor of 5424 and 880?
16
Calculate the greatest common divisor of 70 and 335174.
14
Calculate the greatest common divisor of 116 and 160631.
29
Calculate the highest common divisor of 16 and 2704.
16
Calculate the greatest common divisor of 312 and 20696.
104
Calculate the highest common factor of 945 and 14105.
35
Calculate the highest common factor of 140637 and 1776.
111
Calculate the highest common factor of 666 and 1008990.
666
What is the highest common divisor of 499 and 12160131?
499
Calculate the greatest common factor of 275330 and 22.
22
What is the highest common divisor of 657 and 39186?
9
Calculate the greatest common factor of 207864 and 72.
72
What is the highest common factor of 116 and 214542?
58
What is the highest common divisor of 10348723 and 11?
11
Calculate the highest common divisor of 56 and 42088.
8
What is the highest common factor of 586 and 8456?
2
What is the highest common factor of 7055 and 15045?
85
Calculate the highest common divisor of 52700 and 6700.
100
What is the greatest common divisor of 798683 and 177?
59
Calculate the greatest common divisor of 932136 and 84.
12
What is the greatest common factor of 6723 and 1411?
83
What is the greatest common factor of 26151 and 69?
69
Calculate the greatest common factor of 250 and 587875.
125
What is the greatest common divisor of 8 and 36488?
8
Calculate the highest common factor of 1210 and 3014.
22
What is the greatest common divisor of 8784825 and 609?
609
What is the greatest common factor of 8558 and 110?
22
Calculate the highest common divisor of 441 and 4011.
21
What is the highest common divisor of 415519 and 91?
13
What is the highest common factor of 65 and 12805?
65
What is the highest common divisor of 290421 and 23851?
1403
Calculate the highest common factor of 184095 and 30.
15
Calculate the greatest common divisor of 933291 and 9.
9
Calculate the greatest common factor of 70 and 39865.
35
What is the highest common divisor of 551 and 217674?
29
Calculate the greatest common factor of 108 and 173112.
12
Calculate the greatest common factor of 526701 and 294.
147
What is the highest common divisor of 13959 and 9693?
27
What is the greatest common factor of 16 and 33584?
16
Calculate the greatest common factor of 115 and 171005.
115
What is the greatest common factor of 88 and 52349?
11
Calculate the highest common divisor of 52 and 278.
2
What is the highest common divisor of 76456 and 40888?
152
What is the highest common factor of 15309 and 1715?
7
What is the greatest common divisor of 441 and 7077?
21
What is the greatest common divisor of 37687 and 5239?
169
What is the greatest common divisor of 718848 and 2106?
702
What is the greatest common divisor of 170 and 45781?
17
Calculate the greatest common divisor of 294339 and 369.
123
What is the highest common divisor of 591 and 47674?
197
Calculate the greatest common divisor of 198 and 369.
9
What is th